 (-15 - -7)). What is the remainder when b/34*6*1 is divided by 16?
9
Suppose 0 = -22*l + 12712 + 17483 + 27049. Calculate the remainder when l is divided by 79.
74
Suppose 0 = -5*u - 4*v + 115, 6*v - 22 = -u + 5*v. Calculate the remainder when (-1611)/(-12) - 2/8 is divided by u.
26
Suppose -4*p + 3*g - 42 = -222, 2*p + 2*g = 104. What is the remainder when ((p - -5) + 6)/((-1)/(-5)) is divided by 28?
15
Let j(f) = f**3 - 11*f**2 + 14*f - 25. Let n be j(10). Suppose -4*a + 12 = 0, -3*i + 3*a = -15 - 6. Calculate the remainder when (-21)/(-2)*i/n is divided by 3.
1
Let b = -54 - -62. Suppose 1921*x - 1917*x = 368. Calculate the remainder when x is divided by b.
4
Let f be (5 + (-7)/2)/((-1)/(-12)). What is the remainder when (174/f)/(5/15) is divided by (-228)/(-14) + (-10)/35?
13
Suppose 3*a - 103 = -31. Suppose 0 = n + w - 6, -2*n + w + 9 = -3. Let j(l) = 3*l**2 - 11*l + 17. Calculate the remainder when j(n) is divided by a.
11
Suppose -o = -o - o. Suppose o = -3*j - 2*j + 15. Suppose -2*l + 150 = 4*f - 5*l, 2*f - j*l = 78. What is the remainder when 143 is divided by f?
35
Let z = -12675 + 12683. Calculate the remainder when 4094 is divided by z.
6
Let o(i) = 5*i + 21. Let x be o(-8). Let z be (-25 - x)*(-1)/2. Let j = 45 - z. Calculate the remainder when j is divided by 25.
17
Let t = 3483 + -2367. Calculate the remainder when t is divided by 59.
54
Suppose 0 = 161*n - 163*n + 14, 4*n = 5*y - 2247. Calculate the remainder when y is divided by 57.
56
Let y = -277062 + 277085. Suppose n = -n + 450. What is the remainder when n is divided by y?
18
Let c(v) = 20*v - 17. Let q(i) = -i**2 + 9*i + 94. Let f be q(15). Calculate the remainder when 248 is divided by c(f).
59
Let k = 84 + -49. Let a be (70/3)/(7/21). Calculate the remainder when (-276)/(-2) - 70/a is divided by k.
32
Let t = -11773 + 11825. Calculate the remainder when 179 is divided by t.
23
Let j = -655 - -2094. What is the remainder when j is divided by 18?
17
Let q = -640406 + 640416. Suppose -5*h + 2*h + 42 = 0. Calculate the remainder when 1390/14 - 4/h is divided by q.
9
Suppose 0*s + 2*s = -4*h + 1772, -5*h + 4*s + 2176 = 0. What is the remainder when 1760 is divided by h?
0
Let o(j) be the second derivative of -j**5/20 - 8*j**4/3 + 17*j**3/3 + 93*j**2/2 - 268*j. Calculate the remainder when 121 is divided by o(-33).
1
Calculate the remainder when 71/((7314/(-660))/23 + (-2)/(-4)) is divided by 62.
61
Let t be (-238992)/(-192) - 3/4. Suppose 28*w = 26*w + t. Calculate the remainder when w is divided by 12.
10
Suppose -2*o - 510 = -4*o - 5*r, -1229 = -5*o - r. What is the remainder when o is divided by -10 + (-1672)/(-57) + 1/(-3)?
17
Let o = -19292 - -21589. Calculate the remainder when o is divided by 95.
17
Suppose 35*y - 39*y - 80 = 0. Calculate the remainder when 151 is divided by (-465)/y + (-2)/8.
13
Suppose s = 5*u + 125, -180*u + 177*u + 2*s - 68 = 0. Let d(k) = -k - 12. What is the remainder when (87/(-6))/(1/(-2)) is divided by d(u)?
1
Let y(t) = 3*t**2 + 18*t - 36. Let x be y(-9). Suppose x + 40 = 5*k. Calculate the remainder when k is divided by 8.
1
Let m be (-3045 - 3)*(-10)/2. Calculate the remainder when (m/14)/4 - 2/14 is divided by 13.
12
Let r be 1/(2 + 303/(-153)). Suppose 0 = 8*c + 11 - r. Suppose c*q = 3*z - 244, -2*z + 5*q = -97 - 64. Calculate the remainder when z is divided by 28.
27
Let y be -2 - ((-15)/6 - 63/(-14)). What is the remainder when 89 is divided by (-32)/(-56)*(-154)/y?
1
Let g(r) = -3*r**3 + 2*r**2. Let c be g(-2). Suppose 4*h - 3*h + 3*o - 36 = 0, h - o = c. Calculate the remainder when 120 is divided by h.
21
Suppose 21*c - 295 + 1 = 0. Suppose o + 1 = 0, 0 = 5*u - 16*o + c*o - 3412. Calculate the remainder when u is divided by 19.
17
Let u = 34 - -5. Suppose -5*h + 91 = 5*k - 134, -100 = -2*h + 3*k. Calculate the remainder when h is divided by u.
8
Suppose 0 = -5*x + x + 3*a + 59, 2*x - 2*a = 32. Let f(h) = -3 - 23 - 15*h - 35. What is the remainder when f(-9) is divided by x?
8
Calculate the remainder when 63/7 - -1585 - 0 is divided by 38.
36
Let v(y) = 2*y**2 - 18*y + 41. Let j = 103 - 94. Calculate the remainder when v(j) is divided by 7.
6
Suppose -m - 4*s = -18, -14*m - 6 = -16*m - 2*s. What is the remainder when 7 + m + -9 - -259 is divided by 32?
31
Let b = -12095 + 12145. What is the remainder when b is divided by 31?
19
Let x(o) = 5*o**2 - 122 + 3*o + 3*o + 131. Let w be x(-4). Let f = -38 + w. Calculate the remainder when 52 is divided by f.
25
Let z(r) = -r**3 + 12*r**2 - 5*r - 34. Calculate the remainder when 319 is divided by z(11).
31
Let u(q) = -2*q**2 + 2*q + 50. Let k be u(5). Suppose -28 = -4*f + 4*a, 5*a = f - 1 - k. What is the remainder when 17 is divided by f?
5
Let k(w) = w**3 + 190. Suppose -2996*s + 2968*s + 896 = 0. What is the remainder when k(0) is divided by s?
30
Let y(a) = -27*a**3 + 4*a**2 - 2*a - 6. Let c be y(-2). Let z = -171 + c. Calculate the remainder when z is divided by 33.
26
Calculate the remainder when 400 is divided by -27*(-518)/126 - 3*1.
76
Let l = 116 - 69. What is the remainder when l is divided by 3/(-5) - (-5)/((-50)/(-106))?
7
Suppose 0 = 4*p + 5*a - 28 - 41, -4*a = -5*p + 117. Let q be 1/2 - (-158)/4. Suppose -22*s = -p*s - q. Calculate the remainder when 158 is divided by s.
38
Suppose 0 = -31*v + 2*v + 18020 + 2947. What is the remainder when v is divided by 29?
27
Let l(c) = -10*c - 6. Calculate the remainder when 11/44 - (-2006)/8 is divided by l(-2).
13
Let z = -2409 + 2473. What is the remainder when 1917 is divided by z?
61
Let t(x) = 7*x + 53. Let z be t(-7). Suppose 0 = -5*u + 25, r - z*r = 4*u - 1169. What is the remainder when r is divided by 77?
75
Let y(b) = -176*b**2 + 384*b + 2. Let m(c) = -c**3 - 4*c**2 + 7*c + 2. What is the remainder when y(2) is divided by m(-6)?
2
Let b(r) = -4*r**2 + 135*r + 82. What is the remainder when 2109 is divided by b(34)?
45
Suppose p + 3*b - 18 = 0, -15*b = -p - 10*b - 22. Suppose -p*u = -0*u - 51. Suppose -6*o + u*o - 77 = 0. What is the remainder when 11 is divided by o?
4
Let w(s) = -s**2 + 18*s + 101. Let t be w(21). Calculate the remainder when 25820/190 - (-4)/t is divided by 14.
10
Suppose -6*u - 23 = 4*s - 5*u, -10 = 5*s - 5*u. What is the remainder when 22*s/(-2 - 3) is divided by 7 - (2 + 2)/(-2)?
4
Let b(x) = -x**2 - 4*x + 8. Let o be b(0). Suppose -o*d = 16*d - 480. Calculate the remainder when 99 is divided by d.
19
Let p = -323 + 338. Suppose 13*n - 72 = 7*n. Calculate the remainder when p is divided by n.
3
Let o be 2742/24*(-2 + 6). Let z = -417 + o. Calculate the remainder when 150 is divided by z.
30
Suppose -13*k = 13796 - 13809. Calculate the remainder when 34 is divided by k.
0
Suppose -338 = 65*o - 1313. What is the remainder when 76 is divided by o?
1
Calculate the remainder when 12/(-24) + 11853/18 is divided by 321.
16
Let i = 40 + -42. Let b be (i - (1 - -4))*(-12)/(-7). What is the remainder when (608/b)/4*-3 is divided by 14?
10
Let z = 20019 + -19975. Calculate the remainder when 113 is divided by z.
25
Let n(d) = 12*d - 25. Suppose 16*b + 32 - 176 = 0. What is the remainder when n(b) is divided by 32?
19
Let h = -332 + 360. Suppose -h*c = -4*c - 2808. Calculate the remainder when c is divided by 24.
21
Suppose -4*m + 210 = -m + 3*d, 2*m - d = 155. Calculate the remainder when m is divided by (-224)/(-10) + (84/30)/(-7).
9
Let r = -364 + 893. What is the remainder when 1596 is divided by r?
9
Let g = -4375 - -4682. Calculate the remainder when g is divided by 45.
37
Let q = -239 - -258. Suppose -q*a - 5*a + 624 = 0. What is the remainder when 413 is divided by a?
23
Suppose -2*u = -12, 0 = -3*m + 5*u + 87 + 177. What is the remainder when 984 is divided by m?
4
Let h(l) = -167 - 33*l - 200 + 302. Calculate the remainder when h(-8) is divided by 70.
59
Let j be (-10 - -10)/(5 - 3/1). Let p(m) = m**3 + 3*m**2 + 2*m + 2. What is the remainder when 14 is divided by p(j)?
0
Let c(w) = -77*w - 160. Calculate the remainder when c(-10) is divided by 102.
100
Let o(v) = -5*v - 279. What is the remainder when 2185 is divided by o(-72)?
79
Let k = 46 - 84. Let l = k - -46. Calculate the remainder when 87 is divided by 165/10*l/6.
21
Let x(c) = c**3 + 6*c**2 + 2*c + 3. Suppose 2*k = -2*h + 556, 5*h + 1774*k - 13